{"id":29546,"date":"2023-12-28T11:28:58","date_gmt":"2023-12-28T10:28:58","guid":{"rendered":"https:\/\/urquiza.com\/?page_id=29546"},"modified":"2026-03-09T20:08:20","modified_gmt":"2026-03-09T19:08:20","slug":"tango_workshops_berlin","status":"publish","type":"page","link":"https:\/\/urquiza.com\/index.php\/tango_workshops_berlin\/","title":{"rendered":"Berlin Tango Workshop"},"content":{"rendered":"<div class=\"wpb-content-wrapper\"><p>[vc_row css_animation=&#8220;&#8220; row_type=&#8220;row&#8220; use_row_as_full_screen_section=&#8220;no&#8220; type=&#8220;full_width&#8220; text_align=&#8220;left&#8220; css=&#8220;.vc_custom_1486656312563&#8220; el_id=&#8220;events&#8220;][vc_column][vc_empty_space height=&#8220;3em&#8220;][vc_column_text css=&#8220;&#8220;]<\/p>\n<h1 style=\"text-align: center; font-size: 25px; letter-spacing: 0.05em;\"><span style=\"color: #873003;\">Berlin Tango Workshops!<\/span><\/h1>\n<p>[\/vc_column_text][vc_empty_space height=&#8220;3em&#8220;][vc_column_text]<\/p>\n<h1 style=\"text-align: center; font-size: 25px; letter-spacing: 0.05em;\"><span style=\"color: #873003;\">F\u00dcR ALLE NIVEAUS, F\u00dcR PAARE UND EINZELT\u00c4NZER-INNEN!<\/span><\/h1>\n<p>[\/vc_column_text][vc_empty_space height=&#8220;3em&#8220;][\/vc_column][\/vc_row][vc_row css_animation=&#8220;&#8220; row_type=&#8220;row&#8220; use_row_as_full_screen_section=&#8220;no&#8220; type=&#8220;full_width&#8220; text_align=&#8220;left&#8220;][vc_column]<a href=\"https:\/\/bookeo.com\/urquiza?category=32546MC6YH15DD750BB7A\" target=\"_self\"  class=\"qbutton  big_large_full_width move_icon white\" style=\"font-style: normal; border-radius: 10px;-moz-border-radius: 10px;-webkit-border-radius: 10px; background-color: #873003;\">Berlin Tango Workshops jetzt buchen!<\/a>[\/vc_column][\/vc_row][vc_row css_animation=&#8220;&#8220; row_type=&#8220;row&#8220; use_row_as_full_screen_section=&#8220;no&#8220; type=&#8220;full_width&#8220; text_align=&#8220;left&#8220; css=&#8220;.vc_custom_1484221351704{background-color: #f2f2f2 !important;}&#8220;][vc_column][vc_column_text css=&#8220;.vc_custom_1764428401509{padding-top: 40px !important;padding-right: 20px !important;padding-bottom: 40px !important;padding-left: 20px !important;}&#8220;]<\/p>\n<h2 style=\"text-align: left;\"><span style=\"color: #000000;\">Entdecke und viertiefe Deinen Tango mit Worskhops im Herzen von Berlin Prenzlauer Berg<\/span><\/h2>\n<p>&nbsp;<\/p>\n<p style=\"text-align: left; color: #000000; font-size: 1.5em; line-height: 1.5em;\"><span lang=\"de\">Berlin als Tango Metropole ist der perfekte Ort, diesen Tanz kennenzulernen. In kaum einer anderen Stadt der Welt werden so viele und so unterschiedliche Milongas, Kurse und Shows angeboten, f\u00fcr jeden Geschmack ist sicherlich was dabei! <\/span><\/p>\n<p>&nbsp;<\/p>\n<p style=\"text-align: left; color: #000000; font-size: 1.5em; line-height: 1.5em;\"><strong>PROGRAMM<\/strong>:<\/p>\n<p>&nbsp;<\/p>\n<p>&nbsp;<\/p>\n<p style=\"text-align: left; color: #000000; font-size: 1.5em; line-height: 1.5em;\"><span lang=\"de\"><strong>28. M\u00e4rz 2026 &#8211; 12:00 bis 13:30 Uhr<\/strong><\/span><\/p>\n<p style=\"text-align: left; color: #000000; font-size: 1.5em; line-height: 1.5em;\"><span lang=\"de\"><strong>Urquiza Tango Sal\u00f3n Workshop:\u00a0<\/strong><br \/>\nF\u00fcr Mittelstufe-T\u00e4nzer und T\u00e4nzerinnen und Anf\u00e4ngerInnen mit Vorkenntnissen, welche schon immer mehr \u00fcber die Besonderheiten des Urquiza-Stils wissen wollten. Wir werden Tango Sal\u00f3n Schrittkombinationen und Variationen durchgehen und die Ansichten und gestalterische Vorstellungen der Urquiza-Meister besprechen. Wir bitten um Anmeldung als Paar. <\/span><\/p>\n<p>&nbsp;<\/p>\n<p style=\"text-align: left; color: #000000; font-size: 1.5em; line-height: 1.5em;\"><span lang=\"de\"><strong>28. M\u00e4rz 2026 &#8211; 13:30 bis 15:00 Uhr<\/strong><\/span><\/p>\n<p style=\"text-align: left; color: #000000; font-size: 1.5em; line-height: 1.5em;\"><span lang=\"de\"><strong>Urquiza Tango Technik Workshop:\u00a0<\/strong><br \/>\nEinfach f\u00fcr alle! Mit oder ohne Partner, Niveau- und Rollen-unabh\u00e4ngig, wir gehen Grundlagen und Details sorgf\u00e4ltig durch und nehmen uns Zeit und Fragen, Empfehlungen und pers\u00f6nliche Betreuung &#8211; Ein Must um entspannter und sicherer auf Milongas tanzen zu k\u00f6nnen!<\/span><\/p>\n<p>&nbsp;<\/p>\n<p style=\"text-align: left; color: #000000; font-size: 1.5em; line-height: 1.5em;\"><span lang=\"de\"><strong>29. M\u00e4rz 2026 &#8211; 12:00 bis 13:30 Uhr<\/strong><\/span><\/p>\n<p style=\"text-align: left; color: #000000; font-size: 1.5em; line-height: 1.5em;\"><span lang=\"de\"><strong>Urquiza Tango Sal\u00f3n con Figuras Workshop:\u00a0<\/strong><br \/>\nF\u00fcr Mittelstufe- und Fortgeschrittene T\u00e4nzerInnen, welche neue M\u00f6glichkeiten im Drehsystem entdecken k\u00f6nnen. Alternative Ein- und Ausg\u00e4nge, ein sicheres Verst\u00e4ndnis der Strukturen und eine bequeme, bewegliche und sichere Umarmung stehen auf dem Programm! Wir bitten um Anmeldung als Paar.<\/span><\/p>\n<p>&nbsp;<\/p>\n<p style=\"text-align: left; color: #000000; font-size: 1.5em; line-height: 1.5em;\"><span lang=\"de\"><strong>29. M\u00e4rz 2026 &#8211; 13:30 bis 15:00 Uhr<\/strong><\/span><\/p>\n<p style=\"text-align: left; color: #000000; font-size: 1.5em; line-height: 1.5em;\"><span lang=\"de\"><strong>Urquiza-Stil Milonga &amp; Vals Workshops:\u00a0<\/strong><br \/>\nF\u00fcr Mittelstufe- und erfahrene T\u00e4nzer und T\u00e4nzerinnen, welche den eigenen (rhythmischen!) Tanz bereichern und schmucken wollen. Beginnend von der Gehtechnik und der Fu\u00dfarbeit bis hin zu Schrittkombinationen und Figuren werden viele Qualit\u00e4ten und Eigenschaften erl\u00e4utert. Die Ansichten und gestalterische Vorstellungen der Urquiza Meister, inklusive &#8222;No-Gos&#8220; und Vorlieben werden besprochen. Wir bitten um Anmeldung als Paar.<\/span><\/p>\n<p>&nbsp;<\/p>\n<p>&nbsp;<\/p>\n<p>&nbsp;<\/p>\n<p style=\"text-align: left; color: #000000; font-size: 1.5em; line-height: 1.5em;\"><strong>PREIS<\/strong>:<\/p>\n<p style=\"text-align: left; color: #000000; font-size: 1.5em; line-height: 1.5em;\"><span lang=\"de\">Einzelworkshop 35 \u20ac \/ Person, Paket 4 Workshops 120\u20ac\/Person (<a href=\"https:\/\/www-254b.bookeo.com\/bookeo\/b_urquiza_start.html?ctlsrc2=Zjnnns12m9lLPShG7t1RRqQ3PaXs%2BtCNTW%2Fs7gVWouE%3D&amp;src=03i&amp;category=32546MC6YH15DD750BB7A\">online buchbar<\/a>)<\/span><\/p>\n<p style=\"text-align: left; color: #000000; font-size: 1.5em; line-height: 1.5em;\"><span lang=\"de\"><br \/>\nPrivatunterricht kann zus\u00e4tzlich vor Ort gebucht werden.<\/span><\/p>\n<p>&nbsp;<\/p>\n<p style=\"text-align: left; color: #000000; font-size: 1.5em; line-height: 1.5em;\"><strong>VERANSTALTUNGSORT: Cafeteria, Sch\u00f6nhauser Allee 175, Berlin Prenzlauer Berg (U-Bahn Senefelder Platz)<\/strong><\/p>\n<p>[\/vc_column_text][\/vc_column][\/vc_row][vc_row gap=&#8220;4&#8243; css_animation=&#8220;&#8220; row_type=&#8220;row&#8220; use_row_as_full_screen_section=&#8220;no&#8220; type=&#8220;full_width&#8220; text_align=&#8220;left&#8220; css=&#8220;.vc_custom_1565105570813{padding-right: 60px !important;padding-left: 60px !important;background-color: #ffffff !important;}&#8220;][vc_column][vc_empty_space height=&#8220;3em&#8220;][\/vc_column][\/vc_row][vc_row css_animation=&#8220;&#8220; row_type=&#8220;row&#8220; use_row_as_full_screen_section=&#8220;no&#8220; type=&#8220;full_width&#8220; text_align=&#8220;left&#8220; css=&#8220;.vc_custom_1486732732826{background-color: #f2f2f2 !important;}&#8220;][vc_column][\/vc_column][\/vc_row]<\/p>\n<\/div>","protected":false},"excerpt":{"rendered":"<p>[vc_row css_animation=&#8220;&#8220; row_type=&#8220;row&#8220; use_row_as_full_screen_section=&#8220;no&#8220; type=&#8220;full_width&#8220; text_align=&#8220;left&#8220; css=&#8220;.vc_custom_1486656312563&#8220; el_id=&#8220;events&#8220;][vc_column][vc_empty_space height=&#8220;3em&#8220;][vc_column_text css=&#8220;&#8220;] Berlin Tango Workshops! [\/vc_column_text][vc_empty_space height=&#8220;3em&#8220;][vc_column_text] F\u00dcR ALLE NIVEAUS, F\u00dcR PAARE UND EINZELT\u00c4NZER-INNEN! [\/vc_column_text][vc_empty_space height=&#8220;3em&#8220;][\/vc_column][\/vc_row][vc_row css_animation=&#8220;&#8220; row_type=&#8220;row&#8220; use_row_as_full_screen_section=&#8220;no&#8220; type=&#8220;full_width&#8220; text_align=&#8220;left&#8220;][vc_column][\/vc_column][\/vc_row][vc_row css_animation=&#8220;&#8220; row_type=&#8220;row&#8220; use_row_as_full_screen_section=&#8220;no&#8220; type=&#8220;full_width&#8220; text_align=&#8220;left&#8220; css=&#8220;.vc_custom_1484221351704{background-color: #f2f2f2 !important;}&#8220;][vc_column][vc_column_text css=&#8220;.vc_custom_1764428401509{padding-top: 40px !important;padding-right: 20px !important;padding-bottom: 40px !important;padding-left: 20px&#8230;<\/p>\n","protected":false},"author":1,"featured_media":0,"parent":0,"menu_order":0,"comment_status":"open","ping_status":"closed","template":"full_width.php","meta":{"footnotes":""},"class_list":["post-29546","page","type-page","status-publish","hentry"],"_links":{"self":[{"href":"https:\/\/urquiza.com\/index.php\/wp-json\/wp\/v2\/pages\/29546","targetHints":{"allow":["GET"]}}],"collection":[{"href":"https:\/\/urquiza.com\/index.php\/wp-json\/wp\/v2\/pages"}],"about":[{"href":"https:\/\/urquiza.com\/index.php\/wp-json\/wp\/v2\/types\/page"}],"author":[{"embeddable":true,"href":"https:\/\/urquiza.com\/index.php\/wp-json\/wp\/v2\/users\/1"}],"replies":[{"embeddable":true,"href":"https:\/\/urquiza.com\/index.php\/wp-json\/wp\/v2\/comments?post=29546"}],"version-history":[{"count":41,"href":"https:\/\/urquiza.com\/index.php\/wp-json\/wp\/v2\/pages\/29546\/revisions"}],"predecessor-version":[{"id":31727,"href":"https:\/\/urquiza.com\/index.php\/wp-json\/wp\/v2\/pages\/29546\/revisions\/31727"}],"wp:attachment":[{"href":"https:\/\/urquiza.com\/index.php\/wp-json\/wp\/v2\/media?parent=29546"}],"curies":[{"name":"wp","href":"https:\/\/api.w.org\/{rel}","templated":true}]}}