{"id":28979,"date":"2023-03-02T12:50:27","date_gmt":"2023-03-02T11:50:27","guid":{"rendered":"https:\/\/urquiza.com\/?page_id=28979"},"modified":"2024-12-10T08:51:55","modified_gmt":"2024-12-10T07:51:55","slug":"lavinia-tango-argentino-artist","status":"publish","type":"page","link":"https:\/\/urquiza.com\/index.php\/lavinia-tango-argentino-artist\/","title":{"rendered":"Lavinia"},"content":{"rendered":"<div class=\"wpb-content-wrapper\"><p>[vc_row row_type=&#8220;row&#8220; use_row_as_full_screen_section=&#8220;no&#8220; type=&#8220;full_width&#8220; text_align=&#8220;left&#8220; css_animation=&#8220;&#8220; css=&#8220;.vc_custom_1549461507499&#8220;][vc_column][vc_column_text css=&#8220;.vc_custom_1629681315332{padding-top: 1px !important;padding-right: 20px !important;padding-bottom: 1px !important;padding-left: 20px !important;}&#8220;]<\/p>\n<h2 style=\"text-align: center; font-size: 25px; letter-spacing: 0.05em;\"><span style=\"color: #873003;\">Werdegang<\/span><\/h2>\n<p>[\/vc_column_text][vc_empty_space height=&#8220;9em&#8220;][\/vc_column][\/vc_row][vc_row row_type=&#8220;row&#8220; use_row_as_full_screen_section=&#8220;no&#8220; type=&#8220;full_width&#8220; text_align=&#8220;left&#8220; css_animation=&#8220;&#8220; css=&#8220;.vc_custom_1503187432111{background-color: #f2f2f2 !important;}&#8220;][vc_column width=&#8220;1\/2&#8243;][vc_column_text css=&#8220;.vc_custom_1733817111148{padding-top: 40px !important;padding-right: 20px !important;padding-bottom: 40px !important;padding-left: 20px !important;}&#8220;]<\/p>\n<h3 style=\"text-align: left;\"><span style=\"color: #000000;\">Werdegang von Lavinia als K\u00fcnstlerin f\u00fcr Tango Argentino<\/span><\/h3>\n<p>&nbsp;<\/p>\n<p style=\"font-size: 150%; line-height: 1.5em; text-align: left;\"><span style=\"color: #000000;\">Lavinia Torrebruno kommt aus Rom und arbeitet mit Schwerpunkt Deutschland und Italien als T\u00e4nzerin und Tanzlehrerin des Tango Argentino sowie als Unterst\u00fctzung der k\u00fcnstlerischen Produktionen f\u00fcr Urquiza Tango Productions. <\/span><\/p>\n<p style=\"font-size: 150%; line-height: 1.5em; text-align: left;\"><span style=\"color: #000000;\">In ihrer italienischen Heimat stand Lavinia mehrere Jahre als Schauspielerin und S\u00e4ngerin auf vielen B\u00fchnen, unter anderem im Teatro Quirino und Teatro Valle in Rom und im griechischen Theater von Palazzolo Acreide auf Sizilien. <\/span><\/p>\n<p style=\"font-size: 150%; line-height: 1.5em; text-align: left;\"><span style=\"color: #000000;\">Ab dem Jahr 2014 hat sie sich in Berlin komplett dem Argentinischen Tango gewidmet. Im <a href=\"https:\/\/urquiza.com\/index.php\/2018\/04\/16\/artikel_003-was_bedeutet_urquiza\/\">Urquiza-Stil<\/a> fand sie bereits nach wenigen Monaten ihre k\u00fcnstlerische Heimat. <\/span><\/p>\n<p style=\"font-size: 150%; line-height: 1.5em; text-align: left;\"><span style=\"color: #000000;\">Sie begann hier ab sofort ihre Ausbildung als Tango T\u00e4nzerin, geleitet von Chiche N\u00fa\u00f1ez und mit der Unterst\u00fctzung von Ester Duarte.<\/span><\/p>\n<p style=\"font-size: 150%; line-height: 1.5em; text-align: left;\"><span style=\"color: #000000;\">Seit 2021 arbeitet sie professionell als T\u00e4nzerin und begleitet Chiche in gemeinsamen Projekten und Shows im In- und Ausland.\u00a0<\/span><\/p>\n<p>&nbsp;<\/p>\n<p style=\"font-size: 150%; line-height: 1.5em; text-align: left;\"><span style=\"color: #000000;\">Auszug ihrer letzten Produktionen: <\/span><\/p>\n<p>&nbsp;<\/p>\n<p style=\"font-size: 150%; line-height: 1.5em; text-align: left;\"><span style=\"color: #000000;\">Solist-Auftritt in den Shows <a href=\"https:\/\/pfefferberg-theater.de\/spielplan\/kalender\/\">&#8222;Von Borges bis Piazzolla&#8220;<\/a> im Theater Pfefferberg in Berlin, Dezember 2024<\/span><\/p>\n<p>&nbsp;<\/p>\n<p style=\"font-size: 150%; line-height: 1.5em; text-align: left;\"><span style=\"color: #000000;\">Auftritt beim Tango Wochenende in Linz, \u00d6sterrreich, April 2024<\/span><\/p>\n<p>&nbsp;<\/p>\n<p style=\"font-size: 150%; line-height: 1.5em; text-align: left;\"><span style=\"color: #000000;\">Auftritte und Regie bei der Bearbeitung des Theaterprojektes &#8222;<a href=\"https:\/\/youtu.be\/ZOfSDduPTUA?si=29LO8_K4ueccpM7O\">Das Geheime Wunder<\/a>&#8222;, M\u00e4rz-April 2024<\/span><\/p>\n<p>&nbsp;<\/p>\n<p style=\"font-size: 150%; line-height: 1.5em; text-align: left;\"><span style=\"color: #000000;\">Solistin Auftritt im Theater Plauen-Zwickau, Oscar Gala und Ball, Februar 2024<\/span><\/p>\n<p>&nbsp;<\/p>\n<p style=\"font-size: 150%; line-height: 1.5em; text-align: left;\"><span style=\"color: #000000;\"><a href=\"https:\/\/www.jmberlin.de\/milonga-lange-nacht-der-museen-2023\">Tanzauftritt und Vortrag im J\u00fcdischen Museum<\/a> in Berlin, August 2023<\/span><\/p>\n<p>&nbsp;<\/p>\n<p style=\"font-size: 150%; line-height: 1.5em; text-align: left;\"><span style=\"color: #000000;\">Solist-Auftritt im Theaterst\u00fcck &#8222;<a href=\"https:\/\/www.teatroromanovolterra.it\/Spettacoli\/263\/noche-de-tango-.aspx\">De Borges a Piazzolla &#8211; Noche de Tango&#8220;<\/a> im Internationalen Theaterfestival in Volterra, Toskana, Italien Juli 2023<\/span><\/p>\n<p>&nbsp;<\/p>\n<p style=\"font-size: 150%; line-height: 1.5em; text-align: left;\"><span style=\"color: #000000;\">Tanzauftritt im Theater Centro 25 de Mayo in Buenos Aires, Argentinien, Juli 2023<\/span><\/p>\n<p>&nbsp;<\/p>\n<p style=\"font-size: 150%; line-height: 1.5em; text-align: left;\"><span style=\"color: #000000;\">Tanzauftritt und Zusatzszenen im Dokumentarfilm <a href=\"https:\/\/www.youtube.com\/watch?v=Cjm3_jj1IIY\">&#8222;Tango mit dem Wolf&#8220;<\/a> von Gonzo Pictures, Mai 2023<\/span><\/p>\n<p>&nbsp;<\/p>\n<p style=\"font-size: 150%; line-height: 1.5em; text-align: left;\"><span style=\"color: #000000;\">Tanzauftritt f\u00fcr die Konrad Adenauer Stiftung in Berlin im Rahmen der <a href=\"https:\/\/www.kas.de\/de\/web\/begabtenfoerderung-und-kultur\/kultur\/veranstaltungen\/detail\/-\/content\/hommage-fuer-hortensia-voelckers\">Veranstaltung zur Ehrung von Hortensia V\u00f6lkers, <\/a><\/span><span style=\"color: #000000;\">M\u00e4rz 2023 <\/span><\/p>\n<p>&nbsp;<\/p>\n<p style=\"font-size: 150%; line-height: 1.5em; text-align: left;\"><span style=\"color: #000000;\">Tanzauftritt im Dokumentarfilm &#8222;<a href=\"https:\/\/www.youtube.com\/watch?v=7-flEMViCpE\">A Dancer&#8217;s Day<\/a>&#8220; Juni 2022, Urquiza Tango Productions <\/span><\/p>\n<p>&nbsp;<\/p>\n<p style=\"font-size: 150%; line-height: 1.5em; text-align: left;\"><span style=\"color: #000000;\">Kunstprojekt &#8222;<a href=\"https:\/\/www.youtube.com\/watch?v=rukwobkZVcU&amp;t=63s\">RAW &#8211; a tango quest<\/a>&#8220; im Rahmen der K\u00fcnstlerresidenz im Chateau de Montelon, Frankreich, April 2022<\/span><\/p>\n<p>&nbsp;<\/p>\n<p style=\"font-size: 150%; line-height: 1.5em; text-align: left;\"><span style=\"color: #000000;\">Solist-Auftritt im Konzert &#8222;Buenos Aires i Jul&#8220; im Theater Sentralen in Oslo, Dezember 2021<\/span><\/p>\n<p>&nbsp;<\/p>\n<p style=\"font-size: 150%; line-height: 1.5em; text-align: left;\"><span style=\"color: #000000;\">Solist-Auftritt im Konzert zu den <a href=\"https:\/\/www.youtube.com\/watch?v=xCmaNkO_o14\">100 Jahren von Astor Piazzolla<\/a> in Norwegen, Ausstrahlung auf NRK (2021)\u00a0<\/span><\/p>\n<p>[\/vc_column_text][\/vc_column][vc_column width=&#8220;1\/2&#8243;][vc_single_image image=&#8220;28983&#8243; img_size=&#8220;full&#8220; alignment=&#8220;right&#8220; qode_css_animation=&#8220;&#8220;][\/vc_column][\/vc_row][vc_row row_type=&#8220;row&#8220; use_row_as_full_screen_section=&#8220;no&#8220; type=&#8220;full_width&#8220; text_align=&#8220;left&#8220; css_animation=&#8220;&#8220; css=&#8220;.vc_custom_1549461507499&#8220;][vc_column][vc_empty_space height=&#8220;9em&#8220;][\/vc_column][\/vc_row][vc_row row_type=&#8220;row&#8220; use_row_as_full_screen_section=&#8220;no&#8220; type=&#8220;full_width&#8220; text_align=&#8220;left&#8220; css_animation=&#8220;&#8220; css=&#8220;.vc_custom_1549461507499&#8220;][vc_column][vc_empty_space height=&#8220;9em&#8220;][vc_column_text css=&#8220;.vc_custom_1629796312451{padding-top: 1px !important;padding-right: 20px !important;padding-bottom: 1px !important;padding-left: 20px !important;}&#8220;]<\/p>\n<h2 style=\"text-align: center; font-size: 25px; letter-spacing: 0.05em;\"><span style=\"color: #873003;\"><span style=\"caret-color: #873003;\">Tanzauftritte<\/span><\/span><\/h2>\n<p>[\/vc_column_text][vc_empty_space height=&#8220;9em&#8220;][\/vc_column][\/vc_row][vc_row row_type=&#8220;row&#8220; use_row_as_full_screen_section=&#8220;no&#8220; type=&#8220;full_width&#8220; text_align=&#8220;left&#8220; css_animation=&#8220;&#8220; css=&#8220;.vc_custom_1503187432111{background-color: #f2f2f2 !important;}&#8220;][vc_column][vc_column_text css=&#8220;.vc_custom_1649121302456{padding-top: 40px !important;padding-right: 20px !important;padding-bottom: 40px !important;padding-left: 20px !important;}&#8220;]<\/p>\n<h4 style=\"text-align: center;\"><span style=\"color: #000000;\">Das letzte Video von Lavinia und Chiche N\u00fa\u00f1ez ist da! <\/span><\/h4>\n<p>[\/vc_column_text][vc_video link=&#8220;https:\/\/youtu.be\/ZOfSDduPTUA?si=29LO8_K4ueccpM7O&#8220; align=&#8220;center&#8220;][vc_column_text css=&#8220;.vc_custom_1713365588576{padding-top: 40px !important;padding-right: 20px !important;padding-bottom: 40px !important;padding-left: 20px !important;}&#8220;]<\/p>\n<h4 style=\"text-align: left;\"><span style=\"color: #000000;\">Lavinia y Chiche<\/span><\/h4>\n<p style=\"font-size: 150%; line-height: 1.5em; text-align: left;\"><span style=\"color: #000000;\">Der Videoclip wurde im April 2024 im Chateau de Montelon, Frankreich gedreht und in Berlin von Urquiza Tango Productions bearbeitet. Der Auftritt ist Teil der geplanten Inszenierung der Erz\u00e4hlung &#8222;Das Geheime Wunder&#8220; vom argentinischen Schriftsteller Jorge Lu\u00eds Borges.<br \/>\nLavinia und Chiche N\u00fa\u00f1ez tanzen zur Musik von An\u00edbal Troilo, La Cumparsita, in der Tradition des Urquiza-Stil.<\/span><\/p>\n<p>[\/vc_column_text][vc_video link=&#8220;https:\/\/www.youtube.com\/watch?v=rukwobkZVcU&amp;t=63s&#8220; align=&#8220;center&#8220;][vc_column_text css=&#8220;.vc_custom_1692110135074{padding-top: 40px !important;padding-right: 20px !important;padding-bottom: 40px !important;padding-left: 20px !important;}&#8220;]<\/p>\n<h4 style=\"text-align: left;\"><span style=\"color: #000000;\">Lavinia y Chiche<\/span><\/h4>\n<p style=\"font-size: 150%; line-height: 1.5em; text-align: left;\"><span style=\"color: #000000;\">Der Videoclip wurde im April 2022 im Chateau de Montelon, Frankreich gedreht und in Berlin von Urquiza Tango Productions bearbeitet.<br \/>\nLavinia und Chiche N\u00fa\u00f1ez tanzen zur Musik von De Angelis, La Cumparsita, in der Tradition des Urquiza-Stil.<\/span><\/p>\n<p>[\/vc_column_text][vc_video link=&#8220;https:\/\/youtu.be\/8Msv5kogQFc&#8220; align=&#8220;center&#8220;][vc_column_text css=&#8220;.vc_custom_1649121320388{padding-top: 40px !important;padding-right: 20px !important;padding-bottom: 40px !important;padding-left: 20px !important;}&#8220;]<\/p>\n<h4 style=\"text-align: left;\"><span style=\"color: #000000;\">Lavinia y Chiche<\/span><\/h4>\n<p style=\"font-size: 150%; line-height: 1.5em; text-align: left;\"><span style=\"color: #000000;\">Der Videoclip wurde im Februar 2022 in the city of Volterra, Tuscany, Italien gedreht und im M\u00e4rz 2022 in Berlin von Urquiza Tango Productions (www.urquiza.com) bearbeitet.<br \/>\nLavinia und Chiche N\u00fa\u00f1ez tanzen zur Musik von Anibal Troilo B.B., in der Tradition des Urquiza-Stil von Chiche\u00b4s teacher\u00a0Jos\u00e9 Brahemcha.<\/span><\/p>\n<p>[\/vc_column_text][\/vc_column][\/vc_row][vc_row row_type=&#8220;row&#8220; use_row_as_full_screen_section=&#8220;no&#8220; type=&#8220;full_width&#8220; text_align=&#8220;left&#8220; css_animation=&#8220;&#8220; css=&#8220;.vc_custom_1503187432111{background-color: #f2f2f2 !important;}&#8220;][vc_column][vc_video link=&#8220;https:\/\/youtu.be\/7-flEMViCpE&#8220; align=&#8220;center&#8220;][vc_column_text css=&#8220;.vc_custom_1682891177646{padding-top: 40px !important;padding-right: 20px !important;padding-bottom: 40px !important;padding-left: 20px !important;}&#8220;]<\/p>\n<h4 style=\"text-align: left;\"><span style=\"color: #000000;\">Lavinia y Chiche<\/span><\/h4>\n<p style=\"font-size: 150%; line-height: 1.5em; text-align: left;\"><span style=\"color: #000000;\">Lavinia tanzt und \u00fcbt Tango in der Kurzdokumentation &#8222;A Dancer&#8217;s Day&#8220;.<\/span><\/p>\n<p>[\/vc_column_text][\/vc_column][\/vc_row][vc_row row_type=&#8220;row&#8220; use_row_as_full_screen_section=&#8220;no&#8220; type=&#8220;full_width&#8220; text_align=&#8220;left&#8220; css_animation=&#8220;&#8220; css=&#8220;.vc_custom_1503187432111{background-color: #f2f2f2 !important;}&#8220;][vc_column][vc_video link=&#8220;https:\/\/youtu.be\/xCmaNkO_o14&#8243; align=&#8220;center&#8220;][vc_column_text css=&#8220;.vc_custom_1677758917458{padding-top: 40px !important;padding-right: 20px !important;padding-bottom: 40px !important;padding-left: 20px !important;}&#8220;]<\/p>\n<h4 style=\"text-align: left;\"><span style=\"color: #000000;\">Lavinia y Chiche<\/span><\/h4>\n<p style=\"font-size: 150%; line-height: 1.5em; text-align: left;\"><span style=\"color: #000000;\">Lavinia und Chiche N\u00fa\u00f1ez tanzen den Tango &#8222;Canaro in Par\u00eds&#8220; als Vorgruppe in der norwegischen Stadt Trondheim, mit der Musik der Trondheimsolistene, und dem Geiger Atle Sponberg und dem Bandonisten \u00c5sbj\u00f8rg Ryeng als Solisten.<\/span><\/p>\n<p>[\/vc_column_text][\/vc_column][\/vc_row][vc_row row_type=&#8220;row&#8220; use_row_as_full_screen_section=&#8220;no&#8220; type=&#8220;full_width&#8220; text_align=&#8220;left&#8220; css_animation=&#8220;&#8220; css=&#8220;.vc_custom_1542814833944{background-color: #f2f2f2 !important;}&#8220;][vc_column][vc_empty_space height=&#8220;4em&#8220;][\/vc_column][\/vc_row][vc_row row_type=&#8220;row&#8220; use_row_as_full_screen_section=&#8220;no&#8220; type=&#8220;full_width&#8220; text_align=&#8220;left&#8220; css_animation=&#8220;&#8220;][vc_column]<a href=\"http:\/\/eepurl.com\/dLMk1w\" target=\"_self\" data-hover-background-color=rgba(135,48,3,0.5)  class=\"qbutton  big_large_full_width move_icon white\" style=\"font-style: normal; border-radius: 10px;-moz-border-radius: 10px;-webkit-border-radius: 10px; background-color: #bf641e;\">Newsletter abonnieren<\/a>[\/vc_column][\/vc_row][vc_row row_type=&#8220;row&#8220; use_row_as_full_screen_section=&#8220;no&#8220; type=&#8220;full_width&#8220; text_align=&#8220;left&#8220; css_animation=&#8220;&#8220; css=&#8220;.vc_custom_1549461507499&#8220;][vc_column][vc_empty_space height=&#8220;3em&#8220;][vc_column_text css=&#8220;.vc_custom_1628444427504{padding-top: 1px !important;padding-right: 20px !important;padding-bottom: 1px !important;padding-left: 20px !important;}&#8220;]<\/p>\n<h2 style=\"text-align: center; font-size: 25px; letter-spacing: 0.05em;\"><span style=\"color: #873003;\">\u201eGef\u00f6rdert durch die Beauftragte der Bundesregierung f\u00fcr Kultur und Medien im Programm NEUSTART KULTUR, Hilfsprogramm DIS-TANZEN des Dachverband Tanz Deutschland.\u201c<\/span><\/h2>\n<p>[\/vc_column_text][vc_empty_space height=&#8220;3em&#8220;][\/vc_column][\/vc_row][vc_row row_type=&#8220;row&#8220; use_row_as_full_screen_section=&#8220;no&#8220; type=&#8220;full_width&#8220; text_align=&#8220;left&#8220; css_animation=&#8220;&#8220; css=&#8220;.vc_custom_1560772895067{background-color: #ffffff !important;}&#8220;][vc_column width=&#8220;1\/3&#8243;][vc_empty_space height=&#8220;3em&#8220;][vc_single_image image=&#8220;27273&#8243; alignment=&#8220;center&#8220; qode_css_animation=&#8220;&#8220;][vc_empty_space height=&#8220;6em&#8220;][\/vc_column][vc_column width=&#8220;1\/3&#8243;][vc_single_image image=&#8220;27271&#8243; img_size=&#8220;large&#8220; alignment=&#8220;center&#8220; qode_css_animation=&#8220;&#8220;][\/vc_column][vc_column width=&#8220;1\/3&#8243;][vc_empty_space height=&#8220;6em&#8220;][vc_single_image image=&#8220;27277&#8243; img_size=&#8220;medium&#8220; alignment=&#8220;center&#8220; qode_css_animation=&#8220;&#8220;][\/vc_column][\/vc_row]<\/p>\n<\/div>","protected":false},"excerpt":{"rendered":"<p>[vc_row row_type=&#8220;row&#8220; use_row_as_full_screen_section=&#8220;no&#8220; type=&#8220;full_width&#8220; text_align=&#8220;left&#8220; css_animation=&#8220;&#8220; css=&#8220;.vc_custom_1549461507499&#8220;][vc_column][vc_column_text css=&#8220;.vc_custom_1629681315332{padding-top: 1px !important;padding-right: 20px !important;padding-bottom: 1px !important;padding-left: 20px !important;}&#8220;] Werdegang [\/vc_column_text][vc_empty_space height=&#8220;9em&#8220;][\/vc_column][\/vc_row][vc_row row_type=&#8220;row&#8220; use_row_as_full_screen_section=&#8220;no&#8220; type=&#8220;full_width&#8220; text_align=&#8220;left&#8220; css_animation=&#8220;&#8220; css=&#8220;.vc_custom_1503187432111{background-color: #f2f2f2 !important;}&#8220;][vc_column width=&#8220;1\/2&#8243;][vc_column_text css=&#8220;.vc_custom_1733817111148{padding-top: 40px !important;padding-right: 20px !important;padding-bottom: 40px !important;padding-left: 20px !important;}&#8220;] Werdegang von Lavinia als K\u00fcnstlerin f\u00fcr Tango Argentino&#8230;<\/p>\n","protected":false},"author":1,"featured_media":0,"parent":0,"menu_order":0,"comment_status":"closed","ping_status":"closed","template":"full_width.php","meta":{"footnotes":""},"class_list":["post-28979","page","type-page","status-publish","hentry"],"_links":{"self":[{"href":"https:\/\/urquiza.com\/index.php\/wp-json\/wp\/v2\/pages\/28979","targetHints":{"allow":["GET"]}}],"collection":[{"href":"https:\/\/urquiza.com\/index.php\/wp-json\/wp\/v2\/pages"}],"about":[{"href":"https:\/\/urquiza.com\/index.php\/wp-json\/wp\/v2\/types\/page"}],"author":[{"embeddable":true,"href":"https:\/\/urquiza.com\/index.php\/wp-json\/wp\/v2\/users\/1"}],"replies":[{"embeddable":true,"href":"https:\/\/urquiza.com\/index.php\/wp-json\/wp\/v2\/comments?post=28979"}],"version-history":[{"count":26,"href":"https:\/\/urquiza.com\/index.php\/wp-json\/wp\/v2\/pages\/28979\/revisions"}],"predecessor-version":[{"id":30973,"href":"https:\/\/urquiza.com\/index.php\/wp-json\/wp\/v2\/pages\/28979\/revisions\/30973"}],"wp:attachment":[{"href":"https:\/\/urquiza.com\/index.php\/wp-json\/wp\/v2\/media?parent=28979"}],"curies":[{"name":"wp","href":"https:\/\/api.w.org\/{rel}","templated":true}]}}