{"id":28571,"date":"2022-08-14T15:31:59","date_gmt":"2022-08-14T13:31:59","guid":{"rendered":"https:\/\/urquiza.com\/?page_id=28571"},"modified":"2022-11-28T13:13:50","modified_gmt":"2022-11-28T12:13:50","slug":"tangoreise_rom_herbst_2023","status":"publish","type":"page","link":"https:\/\/urquiza.com\/index.php\/tangoreise_rom_herbst_2023\/","title":{"rendered":"Rom Tango Weekend 2023"},"content":{"rendered":"<div class=\"wpb-content-wrapper\"><p>[vc_row row_type=&#8220;row&#8220; use_row_as_full_screen_section=&#8220;no&#8220; type=&#8220;full_width&#8220; text_align=&#8220;left&#8220; css_animation=&#8220;&#8220; css=&#8220;.vc_custom_1486656312563&#8220; el_id=&#8220;events&#8220;][vc_column][vc_empty_space height=&#8220;3em&#8220;][vc_column_text]<\/p>\n<h1 style=\"text-align: center; font-size: 25px; letter-spacing: 0.05em;\"><span style=\"color: #873003;\">Rom Tango Wochenende 2023!<\/span><\/h1>\n<p>[\/vc_column_text][vc_empty_space height=&#8220;3em&#8220;][vc_column_text]<\/p>\n<h1 style=\"text-align: center; font-size: 25px; letter-spacing: 0.05em;\"><span style=\"color: #873003;\">27. bis 30. Oktober<\/span><\/h1>\n<p>[\/vc_column_text][vc_empty_space height=&#8220;3em&#8220;][\/vc_column][\/vc_row][vc_row row_type=&#8220;row&#8220; use_row_as_full_screen_section=&#8220;no&#8220; type=&#8220;full_width&#8220; text_align=&#8220;left&#8220; css_animation=&#8220;&#8220;][vc_column]<a href=\"https:\/\/urquiza.com\/index.php\/booking\/\" target=\"_self\"  class=\"qbutton  big_large_full_width move_icon white\" style=\"font-style: normal; border-radius: 10px;-moz-border-radius: 10px;-webkit-border-radius: 10px; background-color: #873003;\">Rom Wochenende jetzt buchen!<\/a>[\/vc_column][\/vc_row][vc_row row_type=&#8220;row&#8220; use_row_as_full_screen_section=&#8220;no&#8220; type=&#8220;full_width&#8220; text_align=&#8220;left&#8220; css_animation=&#8220;&#8220; css=&#8220;.vc_custom_1484221351704{background-color: #f2f2f2 !important;}&#8220;][vc_column][vc_column_text css=&#8220;.vc_custom_1669637620556{padding-top: 40px !important;padding-right: 20px !important;padding-bottom: 40px !important;padding-left: 20px !important;}&#8220;]<\/p>\n<h2 style=\"text-align: left;\"><span style=\"color: #000000;\">Herbst Tango Wochenende in der ewigen Stadt!<\/span><\/h2>\n<p>&nbsp;<\/p>\n<p style=\"text-align: left; color: #000000; font-size: 1.5em; line-height: 1.5em;\"><strong><span lang=\"de\">PROGRAMM:<\/span><\/strong><\/p>\n<p>&nbsp;<\/p>\n<p style=\"text-align: left; color: #000000; font-size: 1.5em; line-height: 1.5em;\"><span lang=\"de\">Der Unterricht wird in der Tanzschule &#8222;<a href=\"https:\/\/www.invitoalladanza.it\/wp\/\">Centro Invito alla danza<\/a>&#8220; im zentralen Stadtviertel Prati stattfinden. <\/span><\/p>\n<p style=\"text-align: left; color: #000000; font-size: 1.5em; line-height: 1.5em;\"><span lang=\"de\">Wir treffen uns einmal pro Tag zum gemeinsamen Lernen am Freitag, Samstag und Sonntag (27.10-29.10) f\u00fcr insgesamt 7 volle Stunden Unterricht. Am Abend werden wir gemeinsam lokale Milongas besuchen und der authentischen r\u00f6mischen Tangowelt n\u00e4her kommen.<\/span><\/p>\n<p>&nbsp;<\/p>\n<p style=\"text-align: left; color: #000000; font-size: 1.5em; line-height: 1.5em;\"><span lang=\"de\">Am Montagvormittag den 30.10 ist ein gemeinsamer Spaziergang geplant, wo wir euch gerne ein paar Geheimecken der ewigen Stadt zeigen werden. Lavinia ist geb\u00fcrtige R\u00f6merin und in ihrem fr\u00fcheren Leben Architektin und freut sich immer, unbekannte Seiten ihrer Heimatstadt zu zeigen. <\/span><\/p>\n<p style=\"text-align: left; color: #000000; font-size: 1.5em; line-height: 1.5em;\"><span lang=\"de\">Bei M\u00f6glichkeiten w\u00fcrden wir gerne mit euch auch einmal gemeinsam essen gehen, zum Beispiel im J\u00fcdischen Viertel gleich am Tiber, wo man die r\u00f6mische K\u00fcche \u00fcber Jahrhunderte gepflegt und weiterentwickelt hat. Die Details besprechen wird dann gerne direkt vor Ort.<\/span><\/p>\n<p>&nbsp;<\/p>\n<p style=\"text-align: left; color: #000000; font-size: 1.5em; line-height: 1.5em;\"><span lang=\"de\">Neben dem Tango bleibt euch ausreichend Zeit um die Stadt selbstst\u00e4ndig zu erkunden, M\u00fc\u00dfiggang auszukosten, Shoppen zu gehen und vieles mehr. F\u00fcr Tipps stehen wir gerne zur Verf\u00fcgung!<\/span><\/p>\n<p>&nbsp;<\/p>\n<p style=\"text-align: left; color: #000000; font-size: 1.5em; line-height: 1.5em;\"><strong><span lang=\"de\">DIENSTLEISTUNGEN IM PAKET:<\/span><\/strong><\/p>\n<p>&nbsp;<\/p>\n<ul>\n<li style=\"text-align: left; color: #000000; font-size: 1.5em; line-height: 1.5em;\">Freitag 27.10: Practica 20-21 Uhr (1 Stunde)<\/li>\n<li style=\"text-align: left; color: #000000; font-size: 1.5em; line-height: 1.5em;\">Samstag 28.10: Unterricht 16-19:30 Uhr (3 Stunden, mit Pause)<\/li>\n<li style=\"text-align: left; color: #000000; font-size: 1.5em; line-height: 1.5em;\">Sonntag 29.10: Unterricht 16-19:30 Uhr (3 Stunden, mit Pause)<\/li>\n<li style=\"text-align: left; color: #000000; font-size: 1.5em; line-height: 1.5em;\">Montag 30.10: 11:00 Uhr Spaziergang<\/li>\n<\/ul>\n<p>&nbsp;<\/p>\n<p style=\"text-align: left; color: #000000; font-size: 1.5em; line-height: 1.5em;\"><em>Der Besuch der Milongas kann noch nicht geplant werden, da die Termine noch nicht stehen. Wir begleiten euch gerne und helfen dabei! Der Eintrittspreis der Milongas ist uns unbekannt und variiert bei jeder Veranstaltung. Aus diesem Grund ist dieser im Preis des Wochenende nicht inklusive.<\/em><\/p>\n<p>&nbsp;<\/p>\n<p style=\"text-align: left; color: #000000; font-size: 1.5em; line-height: 1.5em;\"><strong>PREIS<\/strong>:<\/p>\n<p style=\"text-align: left; color: #000000; font-size: 1.5em; line-height: 1.5em;\"><span lang=\"de\">160 \u20ac \/ Person<br \/>\nPrivatunterricht kann zus\u00e4tzlich vor Ort gebucht werden.<\/span><\/p>\n<p>[\/vc_column_text][\/vc_column][\/vc_row][vc_row gap=&#8220;4&#8243; row_type=&#8220;row&#8220; use_row_as_full_screen_section=&#8220;no&#8220; type=&#8220;full_width&#8220; text_align=&#8220;left&#8220; css_animation=&#8220;&#8220; css=&#8220;.vc_custom_1565105570813{padding-right: 60px !important;padding-left: 60px !important;background-color: #ffffff !important;}&#8220;][vc_column][vc_empty_space height=&#8220;3em&#8220;][\/vc_column][\/vc_row][vc_row row_type=&#8220;row&#8220; use_row_as_full_screen_section=&#8220;no&#8220; type=&#8220;full_width&#8220; text_align=&#8220;left&#8220; css_animation=&#8220;&#8220; css=&#8220;.vc_custom_1486732732826{background-color: #f2f2f2 !important;}&#8220;][vc_column][\/vc_column][\/vc_row]<\/p>\n<\/div>","protected":false},"excerpt":{"rendered":"<p>[vc_row row_type=&#8220;row&#8220; use_row_as_full_screen_section=&#8220;no&#8220; type=&#8220;full_width&#8220; text_align=&#8220;left&#8220; css_animation=&#8220;&#8220; css=&#8220;.vc_custom_1486656312563&#8220; el_id=&#8220;events&#8220;][vc_column][vc_empty_space height=&#8220;3em&#8220;][vc_column_text] Rom Tango Wochenende 2023! [\/vc_column_text][vc_empty_space height=&#8220;3em&#8220;][vc_column_text] 27. bis 30. Oktober [\/vc_column_text][vc_empty_space height=&#8220;3em&#8220;][\/vc_column][\/vc_row][vc_row row_type=&#8220;row&#8220; use_row_as_full_screen_section=&#8220;no&#8220; type=&#8220;full_width&#8220; text_align=&#8220;left&#8220; css_animation=&#8220;&#8220;][vc_column][\/vc_column][\/vc_row][vc_row row_type=&#8220;row&#8220; use_row_as_full_screen_section=&#8220;no&#8220; type=&#8220;full_width&#8220; text_align=&#8220;left&#8220; css_animation=&#8220;&#8220; css=&#8220;.vc_custom_1484221351704{background-color: #f2f2f2 !important;}&#8220;][vc_column][vc_column_text css=&#8220;.vc_custom_1669637620556{padding-top: 40px !important;padding-right: 20px !important;padding-bottom: 40px !important;padding-left: 20px !important;}&#8220;] Herbst Tango&#8230;<\/p>\n","protected":false},"author":1,"featured_media":0,"parent":0,"menu_order":0,"comment_status":"open","ping_status":"closed","template":"full_width.php","meta":{"footnotes":""},"class_list":["post-28571","page","type-page","status-publish","hentry"],"_links":{"self":[{"href":"https:\/\/urquiza.com\/index.php\/wp-json\/wp\/v2\/pages\/28571","targetHints":{"allow":["GET"]}}],"collection":[{"href":"https:\/\/urquiza.com\/index.php\/wp-json\/wp\/v2\/pages"}],"about":[{"href":"https:\/\/urquiza.com\/index.php\/wp-json\/wp\/v2\/types\/page"}],"author":[{"embeddable":true,"href":"https:\/\/urquiza.com\/index.php\/wp-json\/wp\/v2\/users\/1"}],"replies":[{"embeddable":true,"href":"https:\/\/urquiza.com\/index.php\/wp-json\/wp\/v2\/comments?post=28571"}],"version-history":[{"count":14,"href":"https:\/\/urquiza.com\/index.php\/wp-json\/wp\/v2\/pages\/28571\/revisions"}],"predecessor-version":[{"id":28774,"href":"https:\/\/urquiza.com\/index.php\/wp-json\/wp\/v2\/pages\/28571\/revisions\/28774"}],"wp:attachment":[{"href":"https:\/\/urquiza.com\/index.php\/wp-json\/wp\/v2\/media?parent=28571"}],"curies":[{"name":"wp","href":"https:\/\/api.w.org\/{rel}","templated":true}]}}

<div class="wpb-content-wrapper"><p>[vc_row row_type=&#8220;row&#8220; use_row_as_full_screen_section=&#8220;no&#8220; type=&#8220;full_width&#8220; text_align=&#8220;left&#8220; css_animation=&#8220;&#8220; css=&#8220;.vc_custom_1486656312563&#8220; el_id=&#8220;events&#8220;][vc_column][vc_empty_space height=&#8220;3em&#8220;][vc_column_text]</p>
<h1 style="text-align: center; font-size: 25px; letter-spacing: 0.05em;"><span style="color: #873003;">Rom Tango Wochenende 2023!</span></h1>
<p>[/vc_column_text][vc_empty_space height=&#8220;3em&#8220;][vc_column_text]</p>
<h1 style="text-align: center; font-size: 25px; letter-spacing: 0.05em;"><span style="color: #873003;">27. bis 30. Oktober</span></h1>
<p>[/vc_column_text][vc_empty_space height=&#8220;3em&#8220;][/vc_column][/vc_row][vc_row row_type=&#8220;row&#8220; use_row_as_full_screen_section=&#8220;no&#8220; type=&#8220;full_width&#8220; text_align=&#8220;left&#8220; css_animation=&#8220;&#8220;][vc_column]<a href="https://urquiza.com/index.php/booking/" target="_self"  class="qbutton  big_large_full_width move_icon white" style="font-style: normal; border-radius: 10px;-moz-border-radius: 10px;-webkit-border-radius: 10px; background-color: #873003;">Rom Wochenende jetzt buchen!</a>[/vc_column][/vc_row][vc_row row_type=&#8220;row&#8220; use_row_as_full_screen_section=&#8220;no&#8220; type=&#8220;full_width&#8220; text_align=&#8220;left&#8220; css_animation=&#8220;&#8220; css=&#8220;.vc_custom_1484221351704{background-color: #f2f2f2 !important;}&#8220;][vc_column][vc_column_text css=&#8220;.vc_custom_1669637620556{padding-top: 40px !important;padding-right: 20px !important;padding-bottom: 40px !important;padding-left: 20px !important;}&#8220;]</p>
<h2 style="text-align: left;"><span style="color: #000000;">Herbst Tango Wochenende in der ewigen Stadt!</span></h2>
<p>&nbsp;</p>
<p style="text-align: left; color: #000000; font-size: 1.5em; line-height: 1.5em;"><strong><span lang="de">PROGRAMM:</span></strong></p>
<p>&nbsp;</p>
<p style="text-align: left; color: #000000; font-size: 1.5em; line-height: 1.5em;"><span lang="de">Der Unterricht wird in der Tanzschule &#8222;<a href="https://www.invitoalladanza.it/wp/">Centro Invito alla danza</a>&#8220; im zentralen Stadtviertel Prati stattfinden. </span></p>
<p style="text-align: left; color: #000000; font-size: 1.5em; line-height: 1.5em;"><span lang="de">Wir treffen uns einmal pro Tag zum gemeinsamen Lernen am Freitag, Samstag und Sonntag (27.10-29.10) für insgesamt 7 volle Stunden Unterricht. Am Abend werden wir gemeinsam lokale Milongas besuchen und der authentischen römischen Tangowelt näher kommen.</span></p>
<p>&nbsp;</p>
<p style="text-align: left; color: #000000; font-size: 1.5em; line-height: 1.5em;"><span lang="de">Am Montagvormittag den 30.10 ist ein gemeinsamer Spaziergang geplant, wo wir euch gerne ein paar Geheimecken der ewigen Stadt zeigen werden. Lavinia ist gebürtige Römerin und in ihrem früheren Leben Architektin und freut sich immer, unbekannte Seiten ihrer Heimatstadt zu zeigen. </span></p>
<p style="text-align: left; color: #000000; font-size: 1.5em; line-height: 1.5em;"><span lang="de">Bei Möglichkeiten würden wir gerne mit euch auch einmal gemeinsam essen gehen, zum Beispiel im Jüdischen Viertel gleich am Tiber, wo man die römische Küche über Jahrhunderte gepflegt und weiterentwickelt hat. Die Details besprechen wird dann gerne direkt vor Ort.</span></p>
<p>&nbsp;</p>
<p style="text-align: left; color: #000000; font-size: 1.5em; line-height: 1.5em;"><span lang="de">Neben dem Tango bleibt euch ausreichend Zeit um die Stadt selbstständig zu erkunden, Müßiggang auszukosten, Shoppen zu gehen und vieles mehr. Für Tipps stehen wir gerne zur Verfügung!</span></p>
<p>&nbsp;</p>
<p style="text-align: left; color: #000000; font-size: 1.5em; line-height: 1.5em;"><strong><span lang="de">DIENSTLEISTUNGEN IM PAKET:</span></strong></p>
<p>&nbsp;</p>
<ul>
<li style="text-align: left; color: #000000; font-size: 1.5em; line-height: 1.5em;">Freitag 27.10: Practica 20-21 Uhr (1 Stunde)</li>
<li style="text-align: left; color: #000000; font-size: 1.5em; line-height: 1.5em;">Samstag 28.10: Unterricht 16-19:30 Uhr (3 Stunden, mit Pause)</li>
<li style="text-align: left; color: #000000; font-size: 1.5em; line-height: 1.5em;">Sonntag 29.10: Unterricht 16-19:30 Uhr (3 Stunden, mit Pause)</li>
<li style="text-align: left; color: #000000; font-size: 1.5em; line-height: 1.5em;">Montag 30.10: 11:00 Uhr Spaziergang</li>
</ul>
<p>&nbsp;</p>
<p style="text-align: left; color: #000000; font-size: 1.5em; line-height: 1.5em;"><em>Der Besuch der Milongas kann noch nicht geplant werden, da die Termine noch nicht stehen. Wir begleiten euch gerne und helfen dabei! Der Eintrittspreis der Milongas ist uns unbekannt und variiert bei jeder Veranstaltung. Aus diesem Grund ist dieser im Preis des Wochenende nicht inklusive.</em></p>
<p>&nbsp;</p>
<p style="text-align: left; color: #000000; font-size: 1.5em; line-height: 1.5em;"><strong>PREIS</strong>:</p>
<p style="text-align: left; color: #000000; font-size: 1.5em; line-height: 1.5em;"><span lang="de">160 € / Person<br />
Privatunterricht kann zusätzlich vor Ort gebucht werden.</span></p>
<p>[/vc_column_text][/vc_column][/vc_row][vc_row gap=&#8220;4&#8243; row_type=&#8220;row&#8220; use_row_as_full_screen_section=&#8220;no&#8220; type=&#8220;full_width&#8220; text_align=&#8220;left&#8220; css_animation=&#8220;&#8220; css=&#8220;.vc_custom_1565105570813{padding-right: 60px !important;padding-left: 60px !important;background-color: #ffffff !important;}&#8220;][vc_column][vc_empty_space height=&#8220;3em&#8220;][/vc_column][/vc_row][vc_row row_type=&#8220;row&#8220; use_row_as_full_screen_section=&#8220;no&#8220; type=&#8220;full_width&#8220; text_align=&#8220;left&#8220; css_animation=&#8220;&#8220; css=&#8220;.vc_custom_1486732732826{background-color: #f2f2f2 !important;}&#8220;][vc_column][/vc_column][/vc_row]</p>
</div>
