{"id":25416,"date":"2019-02-14T18:03:46","date_gmt":"2019-02-14T17:03:46","guid":{"rendered":"https:\/\/urquiza.com\/?page_id=25416"},"modified":"2019-02-14T19:11:05","modified_gmt":"2019-02-14T18:11:05","slug":"alfredo_gobbi","status":"publish","type":"page","link":"https:\/\/urquiza.com\/index.php\/alfredo_gobbi\/","title":{"rendered":"Alfredo Gobbi"},"content":{"rendered":"<div class=\"wpb-content-wrapper\"><p>[vc_row row_type=&#8220;row&#8220; use_row_as_full_screen_section=&#8220;no&#8220; type=&#8220;full_width&#8220; text_align=&#8220;left&#8220; css_animation=&#8220;&#8220; css=&#8220;.vc_custom_1486656312563&#8220; el_id=&#8220;events&#8220;][vc_column][vc_empty_space height=&#8220;3em&#8220;][vc_column_text]<\/p>\n<h1 style=\"text-align: center; font-size: 25px; letter-spacing: 0.05em;\"><span style=\"color: #873003;\"><b><span style=\"font-family: .SFUIText-Bold;\">Alfredo Gobbi<\/span><\/b><\/span><\/h1>\n<p>[\/vc_column_text][vc_empty_space height=&#8220;3em&#8220;][\/vc_column][\/vc_row][vc_row row_type=&#8220;row&#8220; use_row_as_full_screen_section=&#8220;no&#8220; type=&#8220;full_width&#8220; text_align=&#8220;left&#8220; css_animation=&#8220;&#8220; el_id=&#8220;club&#8220;][vc_column][vc_empty_space height=&#8220;4em&#8220;][\/vc_column][\/vc_row][vc_row row_type=&#8220;row&#8220; use_row_as_full_screen_section=&#8220;no&#8220; type=&#8220;full_width&#8220; text_align=&#8220;left&#8220; css_animation=&#8220;&#8220;][vc_column width=&#8220;1\/2&#8243;][vc_single_image image=&#8220;25392&#8243; img_size=&#8220;full&#8220; qode_css_animation=&#8220;&#8220;][\/vc_column][vc_column width=&#8220;1\/2&#8243; css=&#8220;.vc_custom_1550158915950{padding-top: 40px !important;padding-right: 20px !important;padding-bottom: 40px !important;padding-left: 20px !important;}&#8220;][vc_column_text css=&#8220;.vc_custom_1550163803482{padding-top: 40px !important;padding-right: 20px !important;padding-bottom: 40px !important;padding-left: 20px !important;}&#8220;]<\/p>\n<h2 style=\"text-align: left;\"><span style=\"color: #000000;\">Alfredo Gobbi\u00a0 (1912-1965),<\/span><\/h2>\n<p>&nbsp;<\/p>\n<p style=\"text-align: left; color: #000000; font-size: 1.5em; line-height: 1.5em;\">Der Name Gobbi ist in sehr besonderer Weise mit dem Tango argentino verbunden, er begleitet seine Entwicklung von der \u201ealten Garde\u201c bis hinein in unsere Zeit. Alfredo Eusebio Gobbi (1877-1938) war ein Tangokomponist und-s\u00e4nger der ersten Stunde. Gemeinsam mit seiner Frau Flora bereiste er in den ersten Jahren des zwanzigsten Jahrhunderts Amerika und Europa, um den Tango bekannt zu machen. Das Paar gastierte auch l\u00e4ngere Zeit sehr erfolgreich in Paris, wo ihr Sohn Alfredo zur Welt kam. Allein dadurch schien diesem der Weg als Tangomusiker vorgezeichnet. Er studierte Violine am Konservatorium in Buenos Aires, begann sehr zeitig, sich mit Tangomusik zu besch\u00e4ftigen, arbeitete in jungen Jahren wie auch d\u2019Agostino mit Juan Maglio \u201ePacho\u201c, einem Meister der Guardia Vieja. Von vielleicht ausschlaggebender Bedeutung f\u00fcr den Beitrag zur Entwicklung des Tangos, den Alfredo jun. leisten sollte, waren seine Begegnungen mit dem Sextett von Julio de Caro, einem der Wegbereiter der tiefen Ver\u00e4nderungen, die zu den Orchestern der \u201egoldenen\u201c Vierziger f\u00fchrten. Er besuchte die Auftritte des Sextetts und war fasziniert von dem Geigenspiel Julio de Caros. Alfredo studierte dessen Technik, um sie zu Hause zu \u00fcben (Felipe Yofre, La Nacion 31.05.1998, <a href=\"http:\/\/www.lanacion.com.ar\/\" target=\"_blank\" rel=\"noopener\">www.lanacion.com.ar<\/a>). Sein Spiel hatte einen sehr sanften Klang, weniger formell als bei de Caro, dabei meisterhaft die Tangoeffekte einsetzend. Er galt und gilt als \u201eel viol\u00edn rom\u00e1ntico del tango\u201c. Als Komponist und Bandleader hat er vor allem den Instrumentaltango vorangebracht.\u00a0 Sein Sound ist unverwechselbar, von akademischer musikalischer Struktur und tiefer Sensibilit\u00e4t (Luis Sierra, <a href=\"http:\/\/www.todotango.com.ar\/\" target=\"_blank\" rel=\"noopener\">www.todotango.com.ar<\/a>)<\/p>\n<p style=\"text-align: left; color: #000000; font-size: 1.5em; line-height: 1.5em;\">Weit davon entfernt, de Caro zu kopieren, entwickelte er dessen Stil weiter. Das Piano ist dasjenige, das mit seiner \u201esummenden Markierung\u201c f\u00fchrt, die Gobbi mit seinem Freund, dem Pianisten Orlando Go\u00f1i erfunden hat. Das Klavier wird wunderbar erg\u00e4nzt von ausdrucksstarkem Spiel der Geige. Gobbi war ein Evolutionist, aber in der vollkommensten Orthodoxie (Luis Tarantino, <a href=\"http:\/\/www.musicargentina.com\/\" target=\"_blank\" rel=\"noopener\">www.musicargentina.com<\/a>). 1942 gr\u00fcndete er sein eigenes Orchester, machte aber erst 1947 die ersten Aufnahmen. Luis Sierra verweist auf 14 Instrumentalst\u00fccke, die bei RCA Victor erschienen sind und uns die Welt des instrumentalen Tango von Alfredo Gobbi erschlie\u00dfen (<a href=\"http:\/\/www.todotango.com\/\" target=\"_blank\" rel=\"noopener\">www.todotango.com<\/a>). Darunter sind die Tangos \u201eOrlando Go\u00f1i\u201c, der die Rolle des Pianos besonders zeigt und \u201eLa viruta\u201c mit wunderbar schwebendem Violinenklang. Alle 14 Aufnahmen sind auf spotify verf\u00fcgbar: Tango classics 088: La viruta.<\/p>\n<p>&nbsp;<\/p>\n<p style=\"text-align: left; color: #000000; font-size: 1.5em; line-height: 1.5em;\">Die beiden Beispiele gibt es auch hier:<\/p>\n<p style=\"text-align: left; color: #000000; font-size: 1.5em; line-height: 1.5em;\">Orlando go\u00f1i :\u00a0<a href=\"https:\/\/youtu.be\/0sHRShvnvUk\" target=\"_blank\" rel=\"noopener\">https:\/\/youtu.be\/0sHRShvnvUk<\/a><\/p>\n<p style=\"text-align: left; color: #000000; font-size: 1.5em; line-height: 1.5em;\">La viruta:\u00a0<a href=\"https:\/\/youtu.be\/oQGpG1uM49E\" target=\"_blank\" rel=\"noopener\">https:\/\/youtu.be\/oQGpG1uM49E<\/a><\/p>\n<p>&nbsp;<\/p>\n<p style=\"text-align: left; color: #000000; font-size: 1.5em; line-height: 1.5em;\">Ein musikalisches Portr\u00e4t des Alfredo Gobbi von Astor Piazolla ist hier:\u00a0<a href=\"https:\/\/youtu.be\/JXtQcKZKE5Y\" target=\"_blank\" rel=\"noopener\">https:\/\/youtu.be\/JXtQcKZKE5Y<\/a><\/p>\n<p style=\"text-align: left; color: #000000; font-size: 1.5em; line-height: 1.5em;\">Eine typische Tanda mit Musik von Alfredo Gobbi findet sich hier: <a href=\"https:\/\/youtu.be\/U78f9j-nn3E\" target=\"_blank\" rel=\"noopener\">https:\/\/youtu.be\/U78f9j-nn3E<\/a><\/p>\n<p>[\/vc_column_text][\/vc_column][\/vc_row]<\/p>\n<\/div>","protected":false},"excerpt":{"rendered":"<p>[vc_row row_type=&#8220;row&#8220; use_row_as_full_screen_section=&#8220;no&#8220; type=&#8220;full_width&#8220; text_align=&#8220;left&#8220; css_animation=&#8220;&#8220; css=&#8220;.vc_custom_1486656312563&#8220; el_id=&#8220;events&#8220;][vc_column][vc_empty_space height=&#8220;3em&#8220;][vc_column_text] Alfredo Gobbi [\/vc_column_text][vc_empty_space height=&#8220;3em&#8220;][\/vc_column][\/vc_row][vc_row row_type=&#8220;row&#8220; use_row_as_full_screen_section=&#8220;no&#8220; type=&#8220;full_width&#8220; text_align=&#8220;left&#8220; css_animation=&#8220;&#8220; el_id=&#8220;club&#8220;][vc_column][vc_empty_space height=&#8220;4em&#8220;][\/vc_column][\/vc_row][vc_row row_type=&#8220;row&#8220; use_row_as_full_screen_section=&#8220;no&#8220; type=&#8220;full_width&#8220; text_align=&#8220;left&#8220; css_animation=&#8220;&#8220;][vc_column width=&#8220;1\/2&#8243;][vc_single_image image=&#8220;25392&#8243; img_size=&#8220;full&#8220; qode_css_animation=&#8220;&#8220;][\/vc_column][vc_column width=&#8220;1\/2&#8243; css=&#8220;.vc_custom_1550158915950{padding-top: 40px !important;padding-right: 20px !important;padding-bottom: 40px !important;padding-left: 20px !important;}&#8220;][vc_column_text css=&#8220;.vc_custom_1550163803482{padding-top: 40px !important;padding-right: 20px !important;padding-bottom: 40px&#8230;<\/p>\n","protected":false},"author":1,"featured_media":0,"parent":0,"menu_order":0,"comment_status":"open","ping_status":"closed","template":"full_width.php","meta":{"footnotes":""},"class_list":["post-25416","page","type-page","status-publish","hentry"],"_links":{"self":[{"href":"https:\/\/urquiza.com\/index.php\/wp-json\/wp\/v2\/pages\/25416","targetHints":{"allow":["GET"]}}],"collection":[{"href":"https:\/\/urquiza.com\/index.php\/wp-json\/wp\/v2\/pages"}],"about":[{"href":"https:\/\/urquiza.com\/index.php\/wp-json\/wp\/v2\/types\/page"}],"author":[{"embeddable":true,"href":"https:\/\/urquiza.com\/index.php\/wp-json\/wp\/v2\/users\/1"}],"replies":[{"embeddable":true,"href":"https:\/\/urquiza.com\/index.php\/wp-json\/wp\/v2\/comments?post=25416"}],"version-history":[{"count":2,"href":"https:\/\/urquiza.com\/index.php\/wp-json\/wp\/v2\/pages\/25416\/revisions"}],"predecessor-version":[{"id":25427,"href":"https:\/\/urquiza.com\/index.php\/wp-json\/wp\/v2\/pages\/25416\/revisions\/25427"}],"wp:attachment":[{"href":"https:\/\/urquiza.com\/index.php\/wp-json\/wp\/v2\/media?parent=25416"}],"curies":[{"name":"wp","href":"https:\/\/api.w.org\/{rel}","templated":true}]}}